2*s - 3675. Determine g(111).
-123
Let j(m) = 47*m**2 + 662*m + 2354. Calculate j(-6).
74
Let n(s) = 513*s**2 + 40017*s + 217. What is n(-78)?
-17
Let l(x) = -138*x + 14311. Determine l(102).
235
Let x(k) = 258*k - 105050. What is x(407)?
-44
Let j(b) = -b**3 + 2*b**2 + 2*b - 2. What is j(-1)?
-1
Let w(r) = 174*r + 3915. Determine w(-23).
-87
Let g(p) = 3997*p - 167869. Calculate g(42).
5
Let y(d) = -d**3 + 43*d**2 + 424*d - 18402. Give y(43).
-170
Let y(u) = -243*u + 21073. Give y(91).
-1040
Let n(l) = -1423*l + 25982. Determine n(17).
1791
Let j(z) = -4*z**3 + 60*z**2 - 166*z - 108. Give j(11).
2
Let l(m) = -m**3 + 2578*m**2 - 297289*m - 972. Calculate l(121).
-4
Let l(m) = 352*m**2 - 2470*m - 4. What is l(7)?
-46
Let h(z) = 59*z**2 - 556*z + 4344. What is h(8)?
3672
Let r(j) = 35*j - 1102. Calculate r(29).
-87
Let y(o) = o**3 - 7*o**2 - 63*o + 499. What is y(9)?
94
Let b(f) = 621582*f + 621569. What is b(-1)?
-13
Let p(t) = 2*t**3 + 267*t**2 - 2754*t - 5297. Give p(-143).
-6
Let g(n) = n**3 - 94*n**2 - 110*n + 1411. Give g(95).
-14
Let f(l) = -2231*l - 21863. Calculate f(-10).
447
Let x(n) = 164132*n + 1313030. Determine x(-8).
-26
Let x(k) = -2*k**3 - 13*k**2 - 769*k - 5445. Determine x(-7).
-13
Let m(a) = -4*a**2 - 1795*a + 1695443. Give m(-913).
2
Let j(u) = 1254*u + 26338. Give j(-21).
4
Let g(c) = -12*c**3 - 5*c**2 - 302*c + 1548. Give g(5).
-1587
Let y(j) = -24*j**2 + 237*j - 266. Calculate y(9).
-77
Let i(b) = 148*b - 17306. What is i(117)?
10
Let t(p) = 190*p**2 + 14*p - 34. Calculate t(2).
754
Let n(b) = -b**3 + 48*b**2 - 163*b - 606. Calculate n(44).
-34
Let r(p) = p**3 - 615*p**2 - 17361*p + 17355. Calculate r(642).
21
Let s(x) = -3*x**3 + 10*x**2 + 107*x + 54. What is s(-7)?
824
Let h(d) = d**3 - 92*d**2 + 268*d - 56. What is h(89)?
33
Let x(u) = -5946*u + 114495. What is x(19)?
1521
Let c(i) = 5*i**3 + 112*i**2 - 80*i - 46. Determine c(-23).
207
Let l(w) = -37743*w - 717102. Determine l(-19).
15
Let i(w) = w**2 + 1875*w + 29769. Give i(-16).
25
Let t(l) = 5*l**3 + 352*l**2 - 578*l + 254. What is t(-72)?
398
Let l(k) = -6613*k - 324166. Determine l(-49).
-129
Let n(t) = -523*t + 11019. What is n(21)?
36
Let x(n) = -23995*n - 432154. What is x(-18)?
-244
Let z(k) = 4*k**3 + 45*k**2 - 35*k + 9. Give z(-11).
515
Let x(k) = 11*k**2 - 1758*k - 317. Give x(160).
3
Let x(g) = -4*g**3 + 42*g**2 + 274*g - 168. Give x(-6).
564
Let d(j) = -2*j**3 + 34*j**2 - 104*j - 96. Give d(5).
-16
Let y(p) = -p**2 - 337347*p - 2698711. Calculate y(-8).
1
Let l(t) = -t**3 - 49*t**2 - 595*t - 76. What is l(-28)?
120
Let u(q) = 1418*q + 21219. Give u(-15).
-51
Let v(t) = 5*t**2 - 1785*t + 44547. Determine v(27).
-3
Let a(f) = -110*f**3 + 37*f**2 + 73*f. Determine a(-2).
882
Let f(a) = -234*a - 20430. Determine f(-89).
396
Let g(z) = -32*z**2 + 1863*z - 64. Calculate g(58).
342
Let j(g) = 691*g - 35911. Calculate j(52).
21
Let o(r) = 158*r + 41340. Calculate o(-261).
102
Let p(g) = 16*g**2 - 398*g - 3113. Determine p(-8).
1095
Let r(g) = -3*g**2 + 219*g + 4142. Give r(-15).
182
Let c(q) = -q**3 - 30*q**2 - 145*q + 14. Calculate c(-7).
-98
Let o(i) = 4645*i - 18278. Calculate o(4).
302
Let g(s) = 5*s**2 - 670*s - 23630. Calculate g(-33).
3925
Let i(y) = 445*y**2 + 27586*y - 88. What is i(-62)?
160
Let l(o) = o**3 + 78*o**2 - 403*o + 973. Calculate l(-83).
-23
Let c(x) = -3*x**3 + 190*x**2 - 920*x + 206. Calculate c(5).
-19
Let g(b) = -b**3 - 283*b**2 - 370*b - 24875. Give g(-282).
-59
Let f(h) = h**3 - 38*h**2 + h - 2100. Determine f(40).
1140
Let a(d) = -d**3 + 16*d**2 - 6462*d + 90071. What is a(14)?
-5
Let n(f) = f**3 + 20*f**2 - 30*f - 389. Determine n(-24).
-1973
Let o(r) = -22*r**2 + 853*r + 880. Calculate o(-1).
5
Let q(v) = 4*v**2 + 2229*v - 43163. Calculate q(19).
632
Let l(r) = -2*r**3 - 165*r**2 - 1777*r - 67. What is l(-13)?
-457
Let r(z) = 2*z**2 + 1397*z + 226381. Calculate r(-443).
8
Let t(d) = 2*d**3 - 277*d**2 - 3957*d + 495181. Determine t(140).
1
Let a(r) = 46220*r + 416353. Determine a(-9).
373
Let g(n) = -8*n**3 + 13*n**2 - 84*n + 191. Determine g(5).
-904
Let j(p) = 2*p**3 + 97*p**2 + 94*p + 7007. Calculate j(-49).
0
Let m(g) = -g**3 + 111*g**2 + 2533*g - 324678. What is m(106)?
0
Let j(m) = -3*m**2 + 66*m - 950. Calculate j(0).
-950
Let t(a) = -9701*a - 543267. Calculate t(-56).
-11
Let f(p) = 42242*p + 82200. Give f(-2).
-2284
Let o(x) = 2682*x - 1402700. Calculate o(523).
-14
Let q(k) = 4679*k - 23423. Calculate q(5).
-28
Let t(k) = -2*k**3 + 241*k**2 + 1510*k - 42. Give t(-6).
6
Let h(p) = 859*p + 204463. Determine h(-238).
21
Let n(r) = -145*r**2 + 947*r + 102. Determine n(7).
-374
Let u(h) = 90*h + 601. Determine u(-11).
-389
Let y(r) = -202*r**2 - 8434*r - 16885. Determine y(-2).
-825
Let t(x) = -229136*x + 2978777. Calculate t(13).
9
Let v(u) = u**3 + 72*u**2 + 121*u + 3575. What is v(-71)?
25
Let q(d) = 257*d**2 - 1357*d - 3019. Give q(7).
75
Let y(r) = -2*r**3 - 5*r**2 + 56*r - 641. Calculate y(-9).
-92
Let t(b) = 55*b**2 + 417*b + 796. Determine t(-3).
40
Let v(d) = -148534*d + 1039741. Determine v(7).
3
Let i(n) = n**3 - 21*n**2 + 92*n - 2922. Give i(22).
-414
Let w(t) = t**3 + 33*t**2 + 2133*t + 29802. Determine w(-16).
26
Let z(q) = -282*q + 55257. Determine z(196).
-15
Let p(h) = -3513*h - 17663. What is p(-5)?
-98
Let y(p) = -10*p**3 + 130*p**2 + 269*p + 32. Calculate y(-2).
94
Let y(r) = -227*r**2 - 670*r + 29. Give y(-3).
-4
Let n(t) = -28*t**3 - 1172*t**2 + 513*t + 14485. Determine n(-42).
-5
Let r(n) = -77877*n - 155350. Give r(-2).
404
Let d(p) = -1152*p - 9666. What is d(-9)?
702
Let b(f) = 23560*f - 23555. Give b(1).
5
Let k(i) = 9*i**2 + 134*i + 821. Determine k(-6).
341
Let l(v) = -502090*v + 1506297. Give l(3).
27
Let y(z) = 317*z - 29355. Give y(94).
443
Let q(w) = -2*w**3 - 16*w**2 + 16*w + 123. Calculate q(9).
-2487
Let c(k) = -16*k**2 + 1557*k - 13087. Determine c(88).
25
Let v(h) = -39*h**3 - 6*h**2 + 9*h - 81. Determine v(-5).
4599
Let w(l) = -l**3 + 147*l**2 + 281*l - 95. Calculate w(149).
-2628
Let b(i) = 4*i**3 + 29*i**2 - 2635*i - 20885. Determine b(-8).
3
Let j(c) = 102*c**2 - 3506*c + 28342. Calculate j(13).
2
Let s(r) = 3*r**3 + 22*r**2 + 5060*r + 35389. What is s(-7)?
18
Let k(g) = 26729*g - 133653. Determine k(5).
-8
Let z(h) = 221*h + 19693. Determine z(-89).
24
Let c(o) = 3*o**2 + 1668*o + 160652. What is c(-124)?
-52
Let m(l) = 204*l**3 - 5099*l**2 - 19*l - 145. Determine m(25).
5
Let f(r) = 2*r**3 - 1813*r**2 - 3595*r + 59. Give f(-2).
-19
Let h(q) = -9*q**2 - 2231*q - 10958. Determine h(-5).
-28
Let b(d) = 1999135*d - 21990479. Determine b(11).
6
Let s(j) = 953*j + 529. What is s(-2)?
-1377
Let m(h) = 14*h**2 - 281*h - 955. Calculate m(-3).
14
Let z(d) = 1316*d - 3738. Give z(3).
210
Let p(u) = -u**3 - 172*u**2 + 119*u - 8521. Calculate p(-173).
821
Let a(b) = 2*b**3 - 237*b**2 + 339*b + 31. Determine a(117).
-1373
Let s(o) = -668*o**2 - 94*o + 191. Determine s(2).
-2669
Let s(p) = 99*p**2 + 725*p + 347. Calculate s(-7).
123
Let a(v) = -7*v**3 - 233*v**2 - 64*v + 60. Calculate a(-33).
-6
Let w(l) = -3*l**3 - 11*l**2 - 866*l - 5151. Determine w(-6).
297
Let g(h) = h**3 - 15*h**2 - 13*h + 665. Determine g(11).
38
Let p(f) = -189*f - 899. What is p(-10)?
991
Let x(a) = 617873*a + 2471496. What is x(-4)?
4
Let a(f) = f**3 - 881*f**2 + 25532*f - 29. Give a(30).
31
Let m(g) = -93*g - 1048. Determine m(-9).
-211
Let s(p) = 1648*p**2 - 19767*p - 71. Give s(12).
37
Let i(g) = 549*g - 8527. What is i(15)?
-292
Let s(t) = -58*t**2 + 12772*t - 2639. What is s(220)?
1
Let r(i) = 10*i**2 - 193*i - 3048. Determine r(-16).
2600
Let j(y) = 186*y**2 + 4094*y - 1. Determine j(-22).
-45
Let y(j) = -44*j**2 + 830*j - 275. Give y(19).
-389
Let q(w) = -13*w**2 - 1577*w - 15755. Give q(-11).
19
Let z(f) = f**2 - 209*f + 10780. Determine z(116).
-8
Let b(g) = 4*g**2 - 2925*g + 23411. Determine b(8).
267
Let n(o) = -o**2 + 69*o - 491. Give n(63).
-113
Let x(y) = y**3 - 17*y**2 - 75*y - 375. Calculate x(20).
-675
Let c(l) = 2921*l - 206919. Calculate c(71).
472
Let c(i) = -26645*i - 319721. Determine c(-12).
19
Let y(q) = -3*q**2 - 872*q + 111349. Give y(96).
-11
Let q(c) = 33*c**2 - 476*c - 5. Calculate q(0).
-5
Let b(d) = 174*d**2 - 2525*d - 13. Give b(15).
1262
Let w(d) = -567*d**2 - 541473*d + 11454. Give w(